 -2111010?
-1011021100
In base 2, what is -1110001110011100000101011010 + -11?
-1110001110011100000101011101
In base 15, what is d919a + -3b?
d915e
In base 9, what is 67050550 - 1?
67050548
In base 16, what is -15231 + 39?
-151f8
In base 7, what is -1512 - 255033?
-256545
In base 6, what is 201310023 + 22?
201310045
In base 4, what is 13212332 + -10123?
13202203
In base 4, what is -133303 - -230031?
30122
In base 2, what is 11111 - -10010001101000101?
10010001101100100
In base 7, what is -62551 + -2154?
-65035
In base 8, what is 50 - 45322160?
-45322110
In base 10, what is 11380 - 0?
11380
In base 6, what is 10430312 + 1130?
10431442
In base 3, what is 112 - -22101202010111?
22101202011000
In base 8, what is 1241 + 5244636?
5246077
In base 5, what is 2002340440 - -4?
2002340444
In base 14, what is -4 + 607ddb?
607dd7
In base 16, what is 31ff96d - 1?
31ff96c
In base 15, what is -5 - b91c5e?
-b91c64
In base 2, what is 10101110101 - -10101111001011?
11000101000000
In base 3, what is 1221221 - 1012221121011?
-1012212122020
In base 14, what is -38a6941 - 2?
-38a6943
In base 9, what is -5343 - -22801?
16447
In base 11, what is 2722550 + -8?
2722543
In base 6, what is 52410315253 + 5?
52410315302
In base 2, what is 1 - 11100101001111111110?
-11100101001111111101
In base 16, what is 236 - -4a1?
6d7
In base 4, what is 231222 - -31310?
323132
In base 12, what is -21 + 9a6061?
9a6040
In base 2, what is 10 + -100111111100111100101001001?
-100111111100111100101000111
In base 13, what is 25 - -14323c?
143264
In base 2, what is 1010101010110110111001 - 11?
1010101010110110110110
In base 9, what is -730 - 143468?
-144308
In base 13, what is -34725 + 63?
-34692
In base 16, what is 169 + 21216?
2137f
In base 12, what is 5 - 1208b7a?
-1208b75
In base 9, what is -503217 + 14?
-503203
In base 13, what is 3 + 483316?
483319
In base 13, what is 706215 + 3?
706218
In base 15, what is 20 + -71733?
-71713
In base 10, what is -35365 + -2265?
-37630
In base 6, what is -1 + 3151030342?
3151030341
In base 9, what is -6038 + 40450?
33411
In base 12, what is 1a61 - 14a7?
576
In base 10, what is 362365 + -7?
362358
In base 6, what is -5452435 - 24415?
-5521254
In base 5, what is -403244023 - -14?
-403244004
In base 14, what is c1c - c9c?
-80
In base 4, what is -33 + 221201302001?
221201301302
In base 7, what is -3444215 + -263?
-3444511
In base 15, what is c8cce + -b?
c8cc3
In base 7, what is -150 + 3142153?
3142003
In base 5, what is -2304132 + -2310?
-2311442
In base 13, what is 34 + 57c8?
582c
In base 14, what is 22 + -1256?
-1234
In base 14, what is 55dd7a8 + 28?
55dd7d2
In base 13, what is 3 + 121ac5b6?
121ac5b9
In base 9, what is 56 + -15147334?
-15147267
In base 4, what is 30 + 13333012000?
13333012030
In base 11, what is 146115 + 569?
146683
In base 16, what is 0 + 1ef23d6?
1ef23d6
In base 14, what is -378 - -5c0d9?
5bb61
In base 4, what is -23 + -1220331300?
-1220331323
In base 10, what is 1 + -1212221?
-1212220
In base 15, what is 1 + 10a12ca?
10a12cb
In base 15, what is 6dd8147 + 1?
6dd8148
In base 10, what is 2 + -8950018?
-8950016
In base 16, what is 674a7a2 + 0?
674a7a2
In base 5, what is -1 - 124440003043?
-124440003044
In base 10, what is 5 + -32515540?
-32515535
In base 11, what is 27934 + 19291?
46115
In base 13, what is -9 + -3a5ab?
-3a5b7
In base 16, what is 1 - abc554?
-abc553
In base 10, what is -32099432 + 8?
-32099424
In base 14, what is 1 + -53c953?
-53c952
In base 12, what is -2311 - 1038a?
-1269b
In base 16, what is 5 - -abb031a?
abb031f
In base 11, what is -2 + a4a64791?
a4a6478a
In base 2, what is -11001010100001011011 - 11001111?
-11001010100100101010
In base 9, what is 345044303 + -5?
345044287
In base 14, what is dba52 - 63?
db9cd
In base 6, what is -4 - -225414412?
225414404
In base 2, what is -10101101000111011100100 + 1111?
-10101101000111011010101
In base 5, what is 1212434 - -102404?
1320343
In base 16, what is 52d5 + ce?
53a3
In base 9, what is 2461237 + 46?
2461284
In base 9, what is 567 - 1025808?
-1025231
In base 3, what is 22 + 101111221202?
101111222001
In base 6, what is 1533355353 + -3?
1533355350
In base 15, what is -3 - 3608d?
-36091
In base 6, what is 4 - 43430012342?
-43430012334
In base 4, what is -31302230303 - 11?
-31302230320
In base 6, what is 120224413 - -24?
120224441
In base 3, what is -2001112 + -122021?
-2200210
In base 3, what is 100000111 + 1101001220?
1201002101
In base 16, what is 2 + -9c6a24?
-9c6a22
In base 7, what is -14 - 23252531?
-23252545
In base 12, what is 4 + 166aa16?
166aa1a
In base 5, what is 24 + -32124220041?
-32124220012
In base 5, what is 404314 + -21104?
333210
In base 11, what is 260 + 5824?
5a84
In base 8, what is 251 + 10153502?
10153753
In base 10, what is 6756 + 19509?
26265
In base 4, what is 112210332 + -1210?
112203122
In base 8, what is 13756 - 642?
13114
In base 4, what is 22 + 110333023000?
110333023022
In base 13, what is -6ab67 + 43?
-6ab24
In base 9, what is 10518872 + 4?
10518876
In base 12, what is -30b23726 + 5?
-30b23721
In base 6, what is 13 - -14053205?
14053222
In base 8, what is 127 + -23423?
-23274
In base 15, what is -5e23 + -8b8?
-67db
In base 9, what is -3627 - -51346?
46618
In base 11, what is 5978 - -1138?
7005
In base 12, what is 562b200 + -2?
562b1ba
In base 3, what is -12 - -22010022211?
22010022122
In base 6, what is 3 + -1205142341?
-1205142334
In base 2, what is -1001011000100 + 10101011001011?
1100000000111
In base 13, what is -1 - -251b545?
251b544
In base 11, what is -24469 - -27?
-24442
In base 3, what is -102002210022011 - -2?
-102002210022002
In base 8, what is 2456360 + 4?
2456364
In base 15, what is -8dcc20 + c?
-8dcc13
In base 2, what is -10001000 - 101011101000101010101100?
-101011101000101100110100
In base 6, what is 2251 + -1035011?
-1032320
In base 3, what is -20200120011 + -2002022?
-20202122110
In base 6, what is 55223 + 350?
100013
In base 8, what is -66541 + -2314?
-71055
In base 8, what is 113120 - 27?
113071
In base 9, what is 16 - -6817545?
6817562
In base 10, what is -155 + 4162458?
4162303
In base 6, what is -1214525305101 - 3?
-1214525305104
In base 5, what is 11103241101 + -14?
11103241032
In base 16, what is -74cee6 + -1?
-74cee7
In base 4, what is 2011300 - -1231?
2013131
In base 7, what is -5040054 - 130?
-5040214
In base 3, what is -101010121221 - 12210?
-101010211201
In base 14, what is 984cb2 + -11?
984ca1
In base 7, what is -5 - -24612216?
24612211
In base 16, what is -1898561 - 3?
-1898564
In base 4, what is -233102 - 1122103?
-2021211
In base 11, what is -a - 12534a?
-125359
In base 3, what is 2112120111011 + -122110?
2112112211201
In base 15, what is 78069c + 2?
78069e
In base 15, what is e1a1ea + 6?
e1a201
In base 5, what is 0 + 2000444014?
2000444014
In base 9, what is -32714 - -3381?
-28323
In base 7, what is 3565 + 20240?
24135
In base 8, what is 22656604 + 5?
22656611
In base 12, what is -1804 - -31824?
30020
In base 13, what is -125c4aba + 3?
-125c4ab7
In base 13, what is 1 + 10ab961?
10ab962
In base 9, what is 24 - 4140745?
-4140721
In base 6, what is -13014 - -52423?
35405
In base 5, what is -14 - -23133043?
23133024
In base 6, what is -1441235042 + 3?
-1441235035
In base 16, what is 139 - b5981?
-b5848
In base 4, what is -13211 - 111102302?
-111122113
In base 15, what is -4b813 - -73?
-4b790
In base 14, what is -1c03bb41 + -4?
-1c03bb45
In base 5, what is -311 + -4333102?
-4333413
In base 12, what is 258b492 + 3?
258b495
In base 8, what is 1170 + 116762?
120152
In base 13, what is 14b2 + 6b3?
1b95
In base 13, what is a62030 - 10?
a62020
In base 15, what is -ed2 - a6?
-1088
In base 4, what is 1033032232223333 + 3?
1033032232230002
In base 3, what is 1202200010221122211 - -2?
1202200010221122220
In base 9, what is 1154113415 + -4?
1154113411
In base 6, what is 0 - 15301015211?
-15301015211
In base 9, what is 8561011 + -16?
8560884
In base 11, what is 610 - -3682?
4192
In base 13, what is -11b8 + -214b?
-3336
In base 10, what is -95669 - -91?
-95578
In base 9, what is 1 + -17041388?
-17041387
In base 2, what is -1001110100011010 - -1110101100?
-1001100101101110
In base 6, what is 2 + -111110504?
-111110502
In base 14, what is -3a0814 - -26?
-3a07cc
In base 16, what is 4 - -1154e0?
1154e4
In base 7, what is -1 + -2420521